+ -1). Suppose -27*m = -20*m - s. Is m a prime number?
True
Suppose -2*r + 8 = -0*r. Suppose 2685 = j + r*j. Is j prime?
False
Suppose 0 = 37*l + 425091 - 1079732. Is l prime?
False
Let s be (-1 + 13)*((-17)/4 - -5). Let m(v) = 3*v**3 - 2*v**2 + v - 2. Let p be m(2). Suppose 0 = q - s - p. Is q a composite number?
True
Let h be (-32925)/(-45) + (-1)/(-3). Suppose -4*o + 120 = -h. Is o composite?
True
Is -48606*(370/(-60) + 6) prime?
True
Suppose -3*y + 3*j = -16844 - 127192, -47992 = -y + 5*j. Is y composite?
False
Suppose 216 = 4*p - 4. Let c(z) = -24*z. Let v be c(-3). Let r = v + p. Is r a prime number?
True
Let p(o) = -2*o - 10. Let t be p(0). Let k be (-5)/t*692/2. Suppose 2*s - 7*s = 2*q - k, 5*q - 404 = -3*s. Is q a composite number?
False
Let x be (-519)/(-9) - (-4)/(-6). Let v = -44 + 24. Let g = x + v. Is g a prime number?
True
Let y(j) = j**3 - 3*j + 3. Suppose 0 = 4*l + v - 12, -10 = l - 0*l - 3*v. Let f be y(l). Suppose 0 = -f*c + 3*c + 758. Is c composite?
False
Let t(w) be the second derivative of w**5/20 + 7*w**4/6 - 7*w**3/3 + 9*w**2/2 - w. Let j be t(-11). Suppose -4*g + 541 = -3*y, 4*g + y = -y + j. Is g prime?
False
Let g = 15248 - 4795. Is g composite?
False
Suppose -164*m - 345037 = -175*m. Is m prime?
False
Is ((-6228648)/20)/(-9) + 6/(-10) a prime number?
True
Suppose -4*a - 4*d = -72, 3*a - 19 = -0*a + 4*d. Let x(i) = 4*i**2 + 20*i - 25. Is x(a) a composite number?
False
Is 229/(6/6) - -6 a composite number?
True
Suppose -2 = -2*n - 8. Let h be (n/(-2))/(3/8). Suppose 0 = 5*v - 2*v + h*p - 1517, 4*p + 1477 = 3*v. Is v prime?
True
Let q(l) = 20123*l**3 - 2*l**2 + 5*l - 4. Is q(1) a prime number?
False
Let o be (36/(-30))/((-3)/100). Is ((-6236)/(-10))/(16/o) a composite number?
False
Let y(x) = x**2 + 13*x - 7. Let q be y(-13). Let g = q - -14. Let i(v) = 6*v + 5. Is i(g) a composite number?
False
Suppose n = 4*g - 157536, -3*n + 4287 = g - 35084. Is g a composite number?
False
Suppose 2*k = -4*g - 8, -4*g - 23 + 7 = 4*k. Suppose 213*c - 16 = 197*c. Is (g - (1 + c)) + 57 a composite number?
True
Let y be (-15440)/(-6) - 12/9. Suppose y = 3*k - 3221. Let t = -1348 + k. Is t prime?
False
Let q = 13476 - -6970. Is q a composite number?
True
Let t(l) = 526*l**3 - l. Let v be t(1). Let n = -262 + v. Is n composite?
False
Let u be 2*((-63)/(-6))/(-3). Let f(p) be the third derivative of p**5/15 - 7*p**4/24 + 4*p**3/3 + 2*p**2. Is f(u) prime?
False
Suppose 7*b - 1224 = 3*b. Suppose -138 = -14*u - 9*u. Is b + (u - 3)/3 a composite number?
False
Suppose -6*r - 5 - 1 = 0. Let o(d) = -2 - 150*d + 0 + 1. Is o(r) a prime number?
True
Suppose 0 = 2*g + 1121 + 37. Is 22/77 + g/(-7) composite?
False
Let d = 901 + -422. Is d prime?
True
Suppose 0 = -0*d + 3*d. Suppose -w = -4*r - d*w - 81, -r - 4*w - 16 = 0. Is r/1*(-44)/16 prime?
False
Let n(b) = 534*b**2 + 16*b + 57. Is n(-4) prime?
True
Let a(x) = -x**2 + 12*x. Let f be a(11). Let g(u) = 10*u**2 - 2*u - 19. Is g(f) a composite number?
True
Let g = 4 + 0. Suppose 9*a = g*a - 5. Is (2/6)/(a/(-1119)) a composite number?
False
Let i(r) = -8 + 21 - 2*r + 40. Let n = -1 + 1. Is i(n) composite?
False
Is (1112688/12)/12 + 1*2 a composite number?
True
Suppose 0 = 165*v - 167*v + 2806. Is v prime?
False
Let c = 38 - 70. Let x = -29 - c. Suppose x*w + 15 - 216 = 0. Is w composite?
False
Let i(s) = -77*s + 19*s - 31 - 20*s. Suppose -2*b + 10 - 8 = 0, 4*n = -5*b - 51. Is i(n) a prime number?
True
Let f = -11635 + 19436. Is f composite?
True
Suppose -a = -0*l - l + 4972, 3*a - 24884 = -5*l. Suppose 3*t = -d + 1654, -l = -3*d + 5*t - t. Is d prime?
True
Let l(p) = p**2 + 11*p + 35. Let c be l(-21). Let t = c - -182. Is t prime?
False
Let n(w) = -3 + 26*w + 2 + 98*w + 2. Let a = 15 + -12. Is n(a) a prime number?
True
Suppose -4*z + 1179 = -1557. Suppose -3*g = -5*u + 775 + z, -4*u + g + 1170 = 0. Is u composite?
False
Suppose 2*d + 4 - 18 = -5*t, t = 3*d + 13. Let z(u) = 30*u**2 - 8*u + 5. Let q(n) = -n**2 + n - 1. Let k(i) = t*q(i) + z(i). Is k(2) composite?
False
Suppose 4*i = 3*f + 4 + 1, -4*f = -4. Suppose 0 = -0*z - 2*z + 6, i*z = 5*o - 4. Suppose -o*g = -70 - 36. Is g a prime number?
True
Suppose -2*u + 15805 = -2*g + 3*g, u + 3*g = 7910. Is u a composite number?
False
Suppose 2*m - 21456 = -2*k, -k = 73*m - 71*m - 10733. Is k composite?
False
Let q be ((1 - 4) + 3)/2. Suppose 0 = 4*a + 5*k + 3, q = 4*a - k - 15. Suppose -2*x + t + 43 = -0*x, x - 18 = -a*t. Is x composite?
True
Let g be 10/(-2) + 1 + (-36)/(-9). Is (-1651)/(-1 - (0 - g)) a composite number?
True
Suppose -3*m - 3*r + 1179 = 0, r = m + 123 - 520. Is m a prime number?
False
Let h be 4 + 3/18 - 4/24. Suppose -h*k - 2536 = -7140. Is k composite?
False
Suppose -1287 = -4*j + 1901. Is j a prime number?
True
Suppose -4*x - 97 = -5*a + 67, 3*x = -a + 48. Suppose -3*z + 10 = -5*d, -2*d = -0*z - 3*z - 5. Is -1 + a + 3 + z a composite number?
True
Let y(c) = 3*c**2 + 12*c - 40. Is y(23) composite?
False
Suppose 5*r - 4*s = -3*s + 47444, -5*s + 18983 = 2*r. Is r a composite number?
True
Let x(k) = 787*k**2 + 8*k + 51. Is x(-4) composite?
False
Let m be 4/(-8)*(4 - 0). Let f be m + 51/(-9)*-3. Suppose -f = -5*r + 170. Is r prime?
True
Suppose -43*b + 38*b + 2270 = 0. Is b prime?
False
Suppose -2*p = 6*p + 96. Is (2 + -1)*-19*(p + 11) a composite number?
False
Suppose 3*n = 701 - 206. Is (n/11)/(9/321) prime?
False
Let d = 23338 - 14987. Is d a prime number?
False
Let l(j) be the first derivative of 0*j + 37/2*j**2 + 4. Is l(1) a composite number?
False
Suppose -1 = 2*a - a + s, 0 = 5*a + 4*s + 1. Suppose 8*b - 3*b - a*i = 3161, 5*i + 3165 = 5*b. Is b prime?
True
Suppose 8*b + 6 = 5*b. Is -1*(1 - b) + 450 a prime number?
False
Let p be (3 - 6)*(0 - 1). Suppose -5*b - 1241 = -4*v, 301 + 318 = 2*v - p*b. Is v prime?
False
Let t be (-2)/3 + 24/36 - -11. Suppose 0 = -2*z + y + 3150, -4*y + 5 + t = 0. Is z a prime number?
False
Let s be (-1 - -3) + 0/5. Suppose 4*d + d + s*b = 37, 2*d - 10 = 4*b. Let l(n) = 2*n**2 - n - 6. Is l(d) a composite number?
True
Let p be ((-18)/(-8))/((-1)/(-4)). Suppose -10 = 6*s - 8*s. Suppose p*r = s*r + 1996. Is r a prime number?
True
Let t(p) = 10*p**2 + 25*p - 23. Let z(k) = k**3 + 7*k**2 + 3*k + 3. Let b be z(-7). Is t(b) composite?
False
Let h(j) = -j**3 + 7*j**2 + 15*j - 10. Let b(p) = p**2 + 24*p + 51. Let k be b(-22). Is h(k) composite?
True
Let y(n) = 13*n**2 - 22*n - 8*n + 9 + 0 + 9*n. Is y(10) a composite number?
True
Let f(i) = 6*i**2 - 4*i - 5. Let l be f(8). Suppose 5*k - 488 - l = 0. Is k a prime number?
True
Suppose 14*v - 268876 - 2672202 = 0. Is v a prime number?
False
Let y be (510/4)/(27/(-72)). Let l = 616 - y. Is 6/(-9) + l/12 prime?
True
Let d = 686 - 432. Is (0 - d/(-4))*6 composite?
True
Suppose 4*w = 1 - 61. Let g = 37 + -34. Is ((-58)/g)/(2/w) a composite number?
True
Suppose 1878259 = -3*m + 34*m. Is m composite?
False
Is (107127/(-36) + 4)*-8 a prime number?
False
Is 6/3 + (30168/(-4))/(-6) a prime number?
True
Let h = 7434 - 5231. Is h a composite number?
False
Suppose z - 8459 = 2*s, -5*z - 2*s + 62902 - 20595 = 0. Is z prime?
True
Let t be 571*1/((-4)/(-8)). Let o = 426 - t. Is ((-1)/1)/(4/o) prime?
True
Suppose 0 = -4*u + 2*q + 2380 + 3062, -5*u + 6801 = -4*q. Is u a composite number?
False
Let i(n) = 3*n - 3*n**3 - 3*n**3 - 1 + 5*n**3 + 3*n**3. Let l(p) = -p**3 - p**2 + 1. Let a(g) = i(g) + 4*l(g). Is a(-4) composite?
True
Suppose -8 + 158 = -3*m. Suppose 2*j + 294 = r + 2*r, -4*j - 588 = -5*r. Let f = m - j. Is f composite?
False
Let s be -2 + 32/((-16)/4). Let a = 328 + s. Suppose -3 + 6 = 3*r, w - a = r. Is w a prime number?
False
Suppose 73*y + 35*y = 2110428. Is y prime?
True
Let r be 1/4 + (-15)/(-4). Let t be -5 + r + (1 - 0). Suppose t = -3*u + j + 108 + 30, 4*u = -5*j + 203. Is u a composite number?
False
Let k = 16883 + -8824. Is k a composite number?
False
Suppose 5*o = 2*a + 48303, -4*a - 19318 = 5*o - 7*o. Is o a prime number?
True
Let z be ((2344/(-10))/(-2))/((-22)/110). Let f = z + 1035. Is f a prime number?
True
Let d(a) = 60*a**2 + a - 3. Let w be d(-7). Suppose 7*p - 12*p = -w. Is (-2 + 4)*p/4 prime?
True
Let t(k) = -12*k - 4. Let o be t(-2). Is 1*3/(-4) + 47155/o composite?
False
Let h be 1/5 + (-96)/(-20). Suppose 3*w - h = -2. Is 3094/14 + (w - -1) a compos